git of l?
1
Let h(z) = -z**2 + 1. Let s(x) = -x**3 + 4*x**2 + 3*x - 12. Suppose 5*m = -5, m = -4*b - 8 - 13. Let n(f) = b*h(f) - s(f). What is the tens digit of n(3)?
3
Let d(g) be the first derivative of -18*g**2 - 2*g + 7. What is the tens digit of d(-1)?
3
Let u(r) be the second derivative of -53*r**3/6 - 3*r**2/2 - 35*r. What is the units digit of u(-2)?
3
Suppose 5*m - 108 - 107 = 5*k, 3*k = 0. Suppose 34*l = 33*l + m. What is the units digit of l?
3
Let p be (-6)/(-15) + 466/10. Let w = p - -52. What is the tens digit of w?
9
Suppose 3*z - 6 = f, 2*f + z + 0*z - 2 = 0. Suppose q + 3*r - 50 = f, -q + 70 = 2*r - 3*r. Suppose -4*j = j - q. What is the units digit of j?
3
Let b = 906 + -620. What is the tens digit of b?
8
Suppose -c + 2 - 9 = 0. What is the units digit of (-8 - (3 + c)) + 18?
4
Suppose 4*x + 0*x - 12 = 0. Suppose x*t + 2*t = 15, 4*t = -i + 13. Suppose 2*b = i + 7. What is the units digit of b?
4
Suppose -101*k = -107*k + 3174. What is the hundreds digit of k?
5
Suppose 2*c - 6271 = -5*j, 8*j = -c + 13*j + 3113. What is the units digit of c?
8
Let o be (-23)/(-4) + (195/(-20))/13. Suppose 2316 = -o*u + 17*u. What is the hundreds digit of u?
1
Let t be 8*2/4 + 0. Suppose 5*j + 2*a = 51, -2*a = -t*j - a + 33. Suppose j*q - 13*q + 292 = 0. What is the units digit of q?
3
Suppose -2*x = -4*c + 4, 10*c + 16 = -x + 5*c. What is the units digit of (-321)/x + (-6)/(-4)?
5
Let z(a) = 1686 - 2*a**2 - 1688 + 3*a - 2*a**3 + 16*a**3. What is the hundreds digit of z(2)?
1
What is the hundreds digit of (-1*-10*19)/(3/6)?
3
Suppose -3669 = -4*a + h, h = -2*a + 2*h + 1833. What is the tens digit of a?
1
Let a(n) = 10*n**2 + n**3 + 3*n**2 - 7*n**2 + 4*n**2 - 9 - n. Let f be a(-10). What is the units digit of -1*f + (-40)/(-5)?
7
Suppose -3*q + 2*q - 5*i = 28, q - 5*i = 22. Let b be 6 - ((1 - -1) + q). Let z = b + 10. What is the tens digit of z?
1
Suppose o - 5*p + 14 = 0, 0*o + 5*p - 12 = 3*o. Let t be 12/(2 + 1)*o. Suppose -t*l + 9 = -l. What is the units digit of l?
3
Let u = -159 + 234. Let f = 117 - u. What is the tens digit of f?
4
Suppose -4 = -3*p + p. Suppose 3*l - 2*n = 8, l - 4 = 4*n - 8. Let t = p + l. What is the units digit of t?
6
Let l = 692 + -38. What is the hundreds digit of l?
6
Suppose r = -2*r + 60. Let y = 22 + 0. Suppose -t - 4*j = -3*t + r, 2*t - y = 5*j. What is the units digit of t?
6
Let h(a) = a**2 - 2*a + 0 - 6 + 13. What is the tens digit of h(5)?
2
Suppose -4*x - 20 = 0, f - 2419 = -4*x - 233. What is the thousands digit of f?
2
Let j(u) = 24*u**2 + 62*u + 226. What is the tens digit of j(-4)?
6
Let t(b) = 55*b + 28. Let u be t(-5). Let r = 389 + u. What is the hundreds digit of r?
1
Suppose -6*r - 2*r = -16. Suppose 0 = -r*c + 5*q + 141, 0 = -c - 5*q + 72 - 9. What is the tens digit of c?
6
Let j(y) = -7 + 3*y**3 - 10*y - 10*y**2 - 4 - 2*y**3. Let r be j(11). Suppose -2*t - 2*p + 36 + 22 = 0, 4*t - 2*p - 86 = r. What is the units digit of t?
4
Suppose 3*w + 13689 = 3*h, 3*h - 13665 = -w - 2*w. What is the hundreds digit of h?
5
Let l(j) = 2 - 6*j**2 + 7*j + 2*j**3 - 3*j**3 + 1 + 1. Let p be l(-7). What is the tens digit of -82*(p + (-36)/8)?
4
Let o(x) = 19*x**2 + 10*x - 12. What is the units digit of o(5)?
3
Suppose -y - 5*t - 8 = 0, 2*y - 2*t + 1 = 9. Suppose 2*r - y*m + 7*m - 163 = 0, r + 3*m = 81. What is the units digit of r?
4
Let f(p) = 2*p**2 - 15*p - 5. Let a be f(10). What is the units digit of (6/a)/((-1)/(-10))*120?
0
Let u be (-2)/(-10) + (-209)/(-55). Suppose -u*v + 4*y = v - 830, 5*y + 315 = 2*v. What is the tens digit of v?
7
Let u(x) = 38*x + 349. What is the tens digit of u(46)?
9
Suppose 2*h - 58 = -5*o, 3*o - 5*h = 7*o - 60. Let i(x) = -3 - o*x + 8*x**2 + 4 + 8 - x**3. What is the tens digit of i(6)?
2
Let q(z) = 24*z - 24. Let u = -71 - -79. What is the units digit of q(u)?
8
Suppose -38*b + 5*g = -36*b - 1009, 3*g + 1983 = 4*b. What is the hundreds digit of b?
4
Let j(g) = -6*g**3 - 3*g**2 + g + 2. Let w be j(-2). Let q = w + -1. What is the units digit of q?
5
Suppose 12*x = 10*x. Suppose x = -j + 41 + 37. What is the units digit of j?
8
Suppose -3*d + 398 = 2*j, -5*j + j + 4 = 0. Let s = 108 + -72. Suppose -d + s = -3*u. What is the units digit of u?
2
Suppose -2*w + 26 = 4*m, -3*m + 15 = 4*w - 3*w. Let y(x) = -x. Let p be y(w). Let j = 35 + p. What is the tens digit of j?
2
Let i = -57 + 40. Let p(n) be the third derivative of n**6/120 + 17*n**5/60 + 4*n**3 + 43*n**2 + 4. What is the units digit of p(i)?
4
Suppose 42*b = 37*b + 985. Suppose 3*d - b = 256. What is the tens digit of d?
5
What is the hundreds digit of (-7)/(7/(-358)) + -3?
3
Let l = -487 - -1388. What is the units digit of l?
1
Let c(d) = 16*d**2 + 48*d - 53. What is the units digit of c(-13)?
7
Let r = -366 + 1690. What is the tens digit of r?
2
Let r(i) = -3*i - 5. Let c(l) = l**2 + 9*l + 11. Let u be c(-6). Let k be r(u). Suppose -s = -57 - k. What is the units digit of s?
3
Suppose 8*j - 1740 = 420. What is the units digit of j?
0
Let b(i) = 6*i**2 + 4*i + 5. Let r be (45/6)/((-2)/(-4)). Suppose d - 5*t = -2*t + r, -12 = 3*t. What is the tens digit of b(d)?
7
Let v(f) = f + 3. Let i be v(4). Suppose -27 + i = -4*r. Suppose h - 242 + 70 = -r*k, 2*h + 6 = 0. What is the units digit of k?
5
Let c = -16 + 19. Let y be (1/c)/(3/99). Suppose 0 = -s + y. What is the units digit of s?
1
Let l = 56 + -48. Let q(r) = -r**2 + 10*r + 7. What is the units digit of q(l)?
3
Let d(s) = 17*s**3 + s**2 - 2*s + 1. Let g = 1 - 17. Let n = g - -17. What is the units digit of d(n)?
7
Let a = -52 - -156. Let j = a + -50. Let z = 77 - j. What is the tens digit of z?
2
Suppose 4*d + 47 = a, a = 3*d + 2*a + 37. What is the tens digit of 28*-5*d/35?
4
Suppose 6*z = 11*z. Suppose 0 = -4*o - 5*t - z*t + 178, -3*t - 194 = -4*o. What is the units digit of o?
7
Suppose 13*z - 3860 + 831 = 0. What is the tens digit of z?
3
Let c(j) = -j**2 - 10*j + 7. Let p be c(9). Let x = -112 - p. What is the units digit of x?
2
Let f = 16 - 6. Let q = -1 - -4. Let a = f + q. What is the units digit of a?
3
Suppose 5*v = -3*y + 14, 2*y + 2*y - 7 = 5*v. What is the units digit of 154/14 + (y - (0 + 1))?
3
Let m = -21 + -24. Let t = 52 + m. What is the units digit of t?
7
Let o(s) = -s**2 - 21*s + 9. Let c(b) = -4*b + 24. Let i be c(10). What is the tens digit of o(i)?
8
Let n = -2662 - -8686. What is the hundreds digit of n?
0
Let a = -142 + 145. Suppose 2*y = -a*p + 246, -2*y - 13*p + 250 = -11*p. What is the hundreds digit of y?
1
Let r(b) = -6*b + 46. Let w be r(14). Let t = w + 144. What is the tens digit of t?
0
Let c(h) be the second derivative of 2*h + 0 + 1/20*h**5 + 0*h**4 + 1/2*h**2 - 5/6*h**3. What is the tens digit of c(4)?
4
Let c(t) = -t**2 + 10*t - 5. Let m be c(9). Suppose m*j - 5*j - 473 = -5*k, j = -k + 91. What is the tens digit of k?
9
Let o = 66 - 68. Let i(r) = 37*r**2 + 2*r + 3. What is the units digit of i(o)?
7
Let v = 1851 + -671. What is the thousands digit of v?
1
Let h(f) = 7*f**2 + 19*f - 109. What is the units digit of h(6)?
7
Suppose 0 = -2*a - 2*s + 2400, -5*a - 4*s = -3345 - 2654. What is the units digit of a?
9
Let t(h) = -4*h**3 - 9*h**2 + 4*h + 6. Let c(k) = -3*k**3 - 9*k**2 + 4*k + 7. Let s(u) = -3*c(u) + 2*t(u). What is the units digit of s(-9)?
7
Let d(w) = -15*w + 1. Let n be d(-1). What is the units digit of (52/n)/((-3)/(-12))?
3
Suppose 4*j = b + 4, 34 = 4*b + 4*j - 10. Let z be 42 - (-5)/((-10)/b). Suppose 4*y - z = 2*y. What is the tens digit of y?
1
Let q(x) = -5*x + 9 + x + 14*x**2 + x. Let g be q(3). Let r = -76 + g. What is the units digit of r?
0
Let r be (-88)/(-10) + 1/5. Let g(s) be the first derivative of -s**3/3 + 7*s**2 - 13*s - 21. What is the tens digit of g(r)?
3
Let y = -806 - -1704. What is the units digit of y?
8
Let u = -1146 + 1881. What is the hundreds digit of u?
7
Let x = -11 + 14. Suppose n = 6*n - 25. Suppose x*o = -i + 1, -39 = -i - 3*i - n*o. What is the tens digit of i?
1
Let t be (2/5)/((-6)/(-30)). Suppose -6 = -4*c + 2*w, -t*w - 2 - 7 = -5*c. Suppose 5*y - c*j - 283 = y, -4*y - 5*j + 275 = 0. What is the tens digit of y?
7
Suppose -5*p - 2*z = 3*z - 13635, -10911 = -4*p - 3*z. What is the tens digit of p?
3
Suppose -7*b = -13*b + 6714. What is the thousands digit of b?
1
Let f(m) = -m**